k and 96.
12
Let p be 180/(-54)*228/(-10). Calculate the greatest common divisor of 19 and p.
19
Let g(k) = 3*k**2 + 4*k + 4. Let j be g(-4). Calculate the highest common factor of 9 and j.
9
Suppose -2*n - 18 = -4. Let w = n + 11. What is the highest common factor of 16 and w?
4
Let m(h) = -h**3 - 6*h**2 - 5*h - 3. Suppose 5*s - 50 = 5*r, -3*r = 4*s - 0*s + 9. Let f be m(r). Calculate the highest common factor of f and 9.
9
Let d = -92 - -95. Calculate the greatest common divisor of 27 and d.
3
Let l(m) = -m**2 + 21*m + 43. Let p be l(19). Calculate the highest common divisor of p and 9.
9
Suppose 1 = -2*t - 7. Let c be (-1 + 3)/(t/(-42)). Let s = -10 + c. What is the highest common factor of s and 55?
11
Suppose 5*m - 12 = 3. Calculate the highest common factor of m and 1.
1
Suppose -3*a = 0, a + 0*a - 63 = -3*l. Calculate the highest common factor of l and 147.
21
Suppose -23 = -k + 9. Let v be 3/3*(1 + -2). Let w(x) = -48*x**3 + x + 1. Let c be w(v). What is the greatest common divisor of c and k?
16
Suppose -19*w = -22*w + 111. What is the highest common factor of 407 and w?
37
Suppose 2*b - 11 = 9. Calculate the greatest common factor of b and 50.
10
Let g = -52 + 61. What is the greatest common divisor of 3 and g?
3
Let c be ((2/(-3))/1)/((-4)/432). Calculate the highest common divisor of 180 and c.
36
Let a be ((-2)/(-4))/(5/60). Let l = -64 + 106. What is the highest common factor of a and l?
6
Let a be 0*3/(-6) + -6. Let y be 0 - (-8)/a*3. Let x(f) = -f**3 + f**2 - 3*f - 2. Let u be x(y). Calculate the greatest common divisor of u and 18.
18
Let r = -19 - -22. Suppose -21 = -r*x - 0. Suppose -2*w - 24 + 80 = 0. Calculate the greatest common divisor of x and w.
7
Suppose -4*a = 5*h + 74, 2*h + 4*a - a = -31. Let k be h/21*(-90)/4. Let r = k + -8. What is the highest common divisor of 42 and r?
7
Suppose 5*a - c - c - 274 = 0, -4*c = -5*a + 268. Let r(i) = i**2 + 3*i + 3. Let w be r(-4). Calculate the greatest common factor of w and a.
7
Let a(b) = b**3 - 6*b**2 + 8*b - 6. Let h be (-1 - -4) + 2/1. Let l be a(h). Suppose 3*z - 8*z + 450 = 0. Calculate the greatest common divisor of l and z.
9
Suppose -32*u = -34*u + 70. What is the highest common divisor of u and 5?
5
Suppose 0 = 2*t - t - 30. Suppose -2*h + 0 = -10. Suppose 0 = 3*q - h - 130. What is the highest common divisor of q and t?
15
Let j(m) = 2*m + 1. Let d be j(4). Suppose -2*a + d = a. Suppose 5*y = a*i + 44 + 16, 2*y = -2*i + 8. What is the greatest common factor of 6 and y?
3
Let r(q) = 4*q**2 + q - 5. Let y be r(-5). What is the highest common divisor of y and 15?
15
Let w = -8 + 1. Let a = w + 24. Let l = -194 + 381. Calculate the highest common factor of l and a.
17
Suppose 3*n - 5*v - 16 = 0, -2*n + 4 = 2*n + 2*v. Suppose -n*g = -7 - 13. What is the highest common factor of 110 and g?
10
Let x = 10 - -4. What is the greatest common factor of x and 14?
14
Let d = -60 + 90. Suppose 0 = 3*l - 30 - d. What is the greatest common factor of l and 50?
10
Let w(f) be the first derivative of -3*f**4/2 + 2*f**3/3 - f - 1. Let z be w(-1). Suppose 0 = 4*i - 0*i - 168. Calculate the greatest common divisor of i and z.
7
Suppose 2*t + 2*t = -3*i + 276, 2*i = 5*t - 368. What is the greatest common divisor of 8 and t?
8
Let h(x) = x**2 + 2*x - 9. Let d be h(-11). Calculate the greatest common factor of 36 and d.
18
Let s be 16*((-2)/(-1))/2. Let i(w) = 3*w**2 + 6*w. Let z be i(-4). What is the highest common factor of s and z?
8
Let r = 0 + 1. Let x = 1 - 13. Let w be 8/6*x/(-8). What is the highest common factor of r and w?
1
Suppose -2*i + 9 = p, p = -4*i + 3 + 18. What is the highest common divisor of 2 and i?
2
Let f(q) = 18*q**2 + 2*q + 1. Let u be f(2). Suppose -5*v = w - u, v + 2*w = -v + 26. Calculate the highest common divisor of v and 144.
16
Suppose 0 = -i - 3*i + 76. Let k = 58 + 73. Let r = k + 21. What is the greatest common factor of i and r?
19
Suppose -7 = -4*k + 13. Suppose 0 = l - k*l + 1040. Suppose 0 = o + 4*o + 3*m - l, -3*o - m = -160. Calculate the greatest common divisor of 11 and o.
11
Suppose -3 - 1 = -2*i. Suppose 2*y - i*t - 10 = 0, -3*y - 3 = 5*t + 22. Suppose -4*z - 4 + 20 = y. What is the greatest common divisor of z and 6?
2
Suppose 9 = -4*n + 29. Suppose 4*d + 110 = n*x, 3*x - 41 = 2*d + 23. Calculate the highest common divisor of 72 and x.
18
Suppose -5*t = -3*t - 28. Suppose 3*j = -3, -4*w + 0*j - 103 = -j. Let b be -15*(2 - w/(-6)). What is the highest common divisor of b and t?
7
Let h = 21 + -13. Calculate the greatest common divisor of 88 and h.
8
Let v be -3 - (0 + 1)*-67. Calculate the greatest common divisor of 4 and v.
4
Let n(h) = -7*h + 5. Let a(u) = -3*u + 3. Let j(w) = -5*a(w) + 2*n(w). Let f be j(3). Let q be 10/f*28/(-10). What is the highest common factor of 21 and q?
7
Suppose 3*z - 9 = 0, -5*z = -6*q + 2*q - 19. Let d(f) = -2*f**3 + 1. Let l be d(q). Let j = 3 + l. What is the greatest common factor of j and 48?
6
Let z(x) = -x**3 - 7*x**2 + x + 9. Let r be z(-7). Suppose -r*s + 42 = s. Calculate the highest common divisor of 21 and s.
7
Let z(o) = 7*o**2 + 7*o + 4. Let s be z(-4). Calculate the greatest common divisor of 11 and s.
11
Suppose 28 = 4*z - 2*p, -z - p = -6*z + 38. Calculate the greatest common divisor of 4 and z.
4
Suppose 4*x + 4 + 0 = 0, 5*u = -4*x + 296. What is the greatest common divisor of u and 20?
20
Suppose 0 = -2*j - 5 - 11. Let h be (-3)/(-3 - j/3). What is the greatest common factor of h and 63?
9
Let w(i) = 2*i**2 - 13. Let f be w(-8). What is the highest common factor of f and 23?
23
Suppose -y + 13 = 1. Let s be y/(-18) + 46/6. What is the greatest common factor of s and 14?
7
Let k be (-33)/(-6) - (-2)/(-4). Suppose -30 = -4*d - q + 14, q = k*d - 64. Calculate the highest common factor of d and 108.
12
Let g = -2 + 9. Calculate the greatest common factor of g and 77.
7
Suppose -3*p = -45 + 12. Suppose 35 = -5*q + 10. Let r = q + p. Calculate the highest common factor of 30 and r.
6
Let b be (-2)/(-4) + 5/2. Let x = 5 - b. Let q = 63 + x. Calculate the greatest common factor of 13 and q.
13
Let y(l) = -l + 22. Let q be y(10). Suppose -q = -d - d. Calculate the highest common divisor of 6 and d.
6
Let l(z) = 2*z**2 + 8*z - 1. Let g be l(6). What is the highest common factor of 17 and g?
17
Suppose -2*q + 30 = 3*q. Let z be 3*q*(-2)/(-4). Suppose 8*n = 4*n + 36. Calculate the highest common divisor of z and n.
9
Let w(s) = s**3 + 8*s**2 + 6*s - 4. Let a be w(-7). Calculate the greatest common divisor of 24 and a.
3
Let s = 11 - -7. Let a be 15*-4*2/(-12). Suppose 0*z + z - 37 = -4*r, -z + a = r. Calculate the highest common factor of s and r.
9
Suppose 0 = -5*f + 9*f - 352. Calculate the greatest common factor of f and 22.
22
Suppose -r = -4*d - 70, -2*r + d - 24 = -136. What is the greatest common factor of r and 27?
27
Suppose -y + 5 = 2. Suppose y*c - 4*j = -c + 128, 0 = 4*c - 2*j - 136. What is the highest common divisor of c and 9?
9
Let f(h) = -2*h**3 - 7*h**2 - 6*h. Let o = -2 + -3. Let l = o + 1. Let t be f(l). What is the highest common divisor of t and 5?
5
Let o = 29 - 17. What is the highest common divisor of o and 48?
12
Let t(c) = -39*c**3 - c**2. Let b be t(-1). Let q be (-38)/4*(-20 + 18). What is the highest common factor of b and q?
19
Suppose 5*l = i + 11, 5*i + 3*l = -2 + 3. Let h = i - 3. Let q be 15/2*h/(-5). What is the highest common factor of q and 9?
3
Suppose 4*b = -4*i + 40, 0 = -i - 5*b - 3 + 1. What is the highest common divisor of 13 and i?
13
Suppose 2*y = 70 + 22. Let s = y + -28. Calculate the greatest common factor of 162 and s.
18
Let c = -2 - -10. Let x be 15 + (-3 - (-3)/3). Let z be (-40)/(-6)*(-7 + x). What is the greatest common divisor of c and z?
8
Let c(o) = 2 + 9*o - 8 + 2 + 2. Let q be c(2). What is the greatest common factor of q and 96?
16
Let z(j) = 3*j + 6. Let y be z(8). Let l be -1 - (-18 + (2 - 2)). Suppose -3*o + 102 = -5*h + l, -75 = -5*o - 5*h. What is the highest common factor of y and o?
10
Let q(w) = 6*w - 4. Let a be q(3). What is the greatest common factor of 35 and a?
7
Let t(a) = -15*a**2 + 2*a + 9*a**3 - 6*a**3 - 4*a**3 - 23*a. Let y be t(-14). Calculate the greatest common divisor of y and 14.
14
Let k(n) = -38*n - 2. Let o be k(-1). C